t is the units digit of c(2)?
2
Suppose 0 = 3*a + 12*q - 9*q - 2073, -5*a + 2*q = -3420. What is the units digit of a?
6
Suppose 8 + 13 = -7*x. Let i be 0 - (6/x - -3). Let n = 32 - i. What is the tens digit of n?
3
Let r(n) = -n**2 - 5*n - 5. Let z be r(5). Let g = z + 71. What is the tens digit of g?
1
Suppose 0 = 4*x + s + 2*s + 3, -5*s - 16 = 3*x. Let l be 0/(1/2*(8 + -10)). Suppose l = -x*g + 2*g + 62. What is the tens digit of g?
6
Let b(h) be the second derivative of 3*h**3/2 - 11*h**2 - 4*h. What is the tens digit of b(7)?
4
Suppose -4340 = -3*v + a, 4*v = 6*v - 5*a - 2889. What is the thousands digit of v?
1
Suppose -15 = -10*i - 65. What is the tens digit of 99 + (i/15 - (-6)/(-9))?
9
Suppose 2*s - 3*o = -27, -3*o + 0*o = s - 9. What is the tens digit of s*4/(16/(-46))?
6
Let u(q) = q**3 + 11*q**2 + 15*q + 9. Suppose -7*i + 16 = -9*i. What is the units digit of u(i)?
1
Let u(a) = a + 4. Let h(x) = 4*x + 12. Let d(b) = -3*h(b) + 8*u(b). Let f = 5 + -10. What is the tens digit of d(f)?
1
Suppose 16*d - 26078 = -18*d. What is the units digit of d?
7
Suppose 0 = -h + 6 - 4. Suppose y - h*s = -5 + 97, -5*y + 3*s = -425. Suppose -5*d + y + 48 = 0. What is the units digit of d?
6
Let r(a) be the second derivative of -a**5/60 + a**4/12 + a**3/6 + 4*a**2 - 8*a. Let h(c) be the first derivative of r(c). What is the units digit of h(2)?
1
Let l(s) = s**3 - 12*s**2 - 22*s + 4. Let a be l(14). Suppose -4*r + a = -308. What is the tens digit of r?
9
Let q = 13 - 4. Let s be (54/12)/((-12)/(-32)). Let o = s - q. What is the units digit of o?
3
Let s(c) = 8*c - 12. Let u be s(12). What is the tens digit of (12/(-9))/((-2)/u)?
5
Suppose 4*m + 3*h - 1884 = 0, -5*h - 289 = -m + 182. What is the hundreds digit of m?
4
Let y = -1437 - -3884. What is the tens digit of y?
4
Suppose -44 = 6*y - 152. Let u be (y/(-54))/((-1)/(-12)). What is the tens digit of (-251)/u - (-2)/8?
6
Suppose -14*d - 4389 = 5*d. Let x = -55 - d. What is the hundreds digit of x?
1
Let q(z) = -7*z**3 - 7*z**2 + 16*z + 2. What is the tens digit of q(-7)?
4
Let l be 24/8 + (0 - -2). Suppose 10 = 7*a - l*a. Suppose 5*p + 7 = -3*b, -a*p - 1 = -4*b + 48. What is the units digit of b?
6
Suppose -29*k + 6 = -26*k. Suppose -3*i - i = 5*q - 272, k*i + q - 136 = 0. What is the units digit of i?
8
Suppose -2*d + 3*m - m = 12, 0 = -5*m. What is the tens digit of (84/9)/(2*(-2)/d)?
1
Let h = -73 + 75. Suppose 0*g + 4*g - 10 = h*s, -5*s = -3*g - 3. What is the units digit of g?
4
Suppose 3*p - 5*i - 4417 = -266, 5*p - 2*i - 6950 = 0. What is the tens digit of p?
9
Suppose -5*k - 25 = 0, -s + 0*k + 5*k = -778. What is the tens digit of s?
5
Let o = 27 + -25. Suppose -4*j + 174 = -o*h, 5*j - h = -6*h + 180. What is the units digit of j?
1
Let u = 4 - 2. Suppose -m = 3*m - 12, 51 = u*p + m. Suppose 4*t - p = 4. What is the units digit of t?
7
Suppose 4*d = 65 + 23. Let l = 69 - d. What is the units digit of l?
7
Let j be (-4)/(-1)*((-285)/(-6) + 1). Suppose 0 = -2*w - 2*t - 2*t + j, -t = 4*w - 367. What is the tens digit of w?
9
Let g be 6*19/(-3)*-2. Suppose -81*j + g*j = -135. What is the units digit of j?
7
Suppose -11*i = -6628 + 281. What is the tens digit of i?
7
Suppose -1 + 5 = 4*v. Let m be ((-1)/(-1) + v)/2. Let z(x) = 33*x**3 - 2*x + 1. What is the tens digit of z(m)?
3
Suppose -4*r + 3*g = 29, -5*g = 4*r + r + 45. Let w(p) = p**3 + 9*p**2 + 9*p + 11. Let t be w(r). Suppose 0 = x + t*x - 144. What is the tens digit of x?
3
Let d be (14/8)/(3/(-48)). Suppose -1 = 2*l + 7. What is the units digit of ((-13)/l)/((-7)/d)?
3
Let f be ((-1)/((6/1347)/2))/(-1). Let m = -207 + f. What is the units digit of m?
2
Let k = 18 - 14. Suppose 132 = 2*c + 2*y + 2*y, 0 = k*c + 2*y - 246. What is the units digit of c?
0
Suppose 0 = -0*v - 5*v. Suppose v = -t - 2, w - 37 = -0*w + 5*t. Let s = 40 - w. What is the tens digit of s?
1
Suppose 255 = -6*u + 7*u + 3*n, 3*n - 1020 = -4*u. What is the hundreds digit of u?
2
Let u(i) = i**3 - 6*i**2 + 4*i + 3. Let b be u(5). Let k be 0 - -2 - (-5 - b). Suppose 3*w - 172 = 5*f, -k*f - 68 = -w + 6. What is the units digit of w?
9
Suppose u = -4, 10*c - 5*u = 5*c - 75. Let t = c + 52. What is the tens digit of t?
3
Suppose 85 - 1765 = -4*j. What is the tens digit of j?
2
Let t be (18/(-27))/(2/(-87)). Let g = 11 + t. What is the tens digit of g?
4
Let p(s) = -s + 8. Let r be p(5). Let l be (-32)/(-4)*3/r. Suppose 3*j - l*u - 67 = -3*u, 3*u + 29 = j. What is the units digit of j?
4
Let z(i) be the second derivative of i**4/6 - 5*i**3/2 + 8*i**2 - 19*i. What is the tens digit of z(12)?
2
Let c be 55/2*280/50. Suppose -4*d + c = 26. What is the units digit of d?
2
Let t(u) = -u**3 + 21*u**2 - 3*u - 2. Let l be t(6). Suppose 4*i + i - l = 2*o, 3*o = -4*i + 439. What is the hundreds digit of i?
1
Let k = -7 + 30. Suppose w - 28 = -4*i, -w + k = 2*i + 3*i. What is the units digit of w?
8
Let d(w) be the first derivative of w**2/2 + 3. Let o(k) = -3*k + 8. Let t(j) = 2*d(j) + o(j). What is the units digit of t(3)?
5
Suppose -288 = -4*c + 2*k, -c + 198 = 2*c + 3*k. Let x = -39 + c. Let l = x - 17. What is the units digit of l?
4
Let p(w) = -w**2 + 9*w - 13. Let a be (-3)/9 + 302/6. Let y be 1/(-4) - a/(-8). What is the units digit of p(y)?
5
Suppose c = 5*u + 907, 3*c + 2*u + 573 = 3328. What is the units digit of c?
7
Let h = 13 + 23. Suppose 0*d = -3*d + 42. Let b = h - d. What is the units digit of b?
2
Suppose -5*u = -4*w, -5*u - w + 1 = -24. Suppose -3*x + 280 = -x - 2*r, 0 = u*x + 4*r - 520. What is the units digit of x?
5
Let g = -3 + 12. Suppose 4*c - c - g = 0. What is the units digit of (10/3 - c)*87?
9
Let k(m) = m + 11. Let u = 3 + -5. Let s(y) = y**3 + 3. Let t be s(u). What is the units digit of k(t)?
6
What is the units digit of (2/14)/((-32)/112)*-1116?
8
Let d(l) = l**3 + 5*l**2 - 5*l - 6. Let w be d(-4). Suppose -2*v = -5*v + w. What is the tens digit of 12/30 - (-396)/v?
4
Suppose -z + 16 = -65. What is the units digit of z?
1
Suppose 0 = -0*o + 3*o. Let q(z) be the second derivative of z**3/6 + 23*z**2/2 + 45*z. What is the tens digit of q(o)?
2
Suppose -5*i = 8 - 3. Let u(f) = -f**2 + f + 1. Let b(y) = -2*y**2 + 7*y + 5. Let q(w) = i*b(w) + u(w). What is the units digit of q(7)?
3
Let m(l) = -l**3 - 61*l - 11. What is the tens digit of m(-8)?
8
Suppose -3*k - 1360 = -2*x - 271, -558 = -x - 3*k. Suppose 5*c + x = 5*t + c, -5*t = 3*c - 542. What is the hundreds digit of t?
1
Let l(i) = -12*i**3 + 6*i**2 + 13*i + 33. What is the hundreds digit of l(-4)?
8
Let g(o) = o**2 + 11*o - 14. Let n be g(-9). Suppose 3*p - 168 = 3*z, -438 + 156 = -5*p + 3*z. Let w = p + n. What is the units digit of w?
5
Let o = -1249 - -1521. What is the units digit of o?
2
Let b(k) = k**3 - 7*k**2 + 6*k + 5. Let d be (-15)/((-3)/(-1)) - -2. Let o = d + 9. What is the units digit of b(o)?
5
Suppose -10*w + 11*w = 199. What is the hundreds digit of w?
1
Let d be 712/5 - (-10)/(-25). Suppose 3*p - d = -r, p - 5*r - 23 = 35. What is the tens digit of p?
4
Let o(p) = 2*p**3 - 9*p**2 + 9*p + 2. Let m be o(5). Suppose 70*k = m*k - 42. What is the units digit of k?
1
Suppose -w = -4*l - 29 + 79, -5*l = 2*w - 69. Let t(m) = -m**3 + 14*m**2 + 2*m + 8. What is the tens digit of t(l)?
0
Suppose -2926*f + 10710 = -2921*f. What is the units digit of f?
2
Let q(h) = -h**2 + 10*h - 6. Let o be q(8). Let z(y) = 2*y + 3. Let r be z(-4). What is the units digit of 448/o + r/(-25)?
5
Suppose a - 164 = -0*a + 4*t, 0 = -4*t - 20. Suppose 5*y = 4*x - 144, -3*y = 4*x - y - a. What is the units digit of x?
6
What is the units digit of 0 + 209 + 3 + 2 + 1?
5
Suppose 0 = 2*b - 4*d + 142, b - d - 62 = 2*b. Let w = b - -157. What is the tens digit of w?
9
Let j be 0/(2/2 + 0). Suppose 2*c - 36 = 3*q - j, -3*q = 4*c - 54. Let t = c + -3. What is the tens digit of t?
1
Let a be (3*41/3)/(-1). Let q = 72 + a. Suppose -2*d + q + 79 = -3*w, 0 = -d - 5*w + 29. What is the tens digit of d?
4
Let p(i) = -i**2 - 5*i - 10. Let s be p(-4). Let g(u) = -2*u - 2*u + 2*u. What is the units digit of g(s)?
2
Let h(o) = -3*o**3 - 87*o**2 - 6. What is the thousands digit of h(-30)?
2
What is the tens digit of 95*-3*(3/(-15) - 1)?
4
Suppose -4*s + 3*v - 16 = 0, 2*s - v - 4*v = -8. Let z = s - -6. What is the units digit of z?
2
